3 + 5*t**2 - 5*t + 4. Let g = -10 - -18. Let y = -302 - -308. Suppose y*o = g - 44. Calculate n(o).
-2
Let u(w) = 4*w**2 - 2*w - 5. Let z(n) = 11*n**2 - 6*n - 10. Let h(k) = -5*u(k) + 2*z(k). Give h(8).
117
Let k(z) be the third derivative of 20*z**2 - 1/360*z**6 - 1/40*z**5 - 2/3*z**3 - 1/6*z**4 + 0 + 0*z. Let s(n) be the first derivative of k(n). Give s(-4).
-8
Suppose 5*h + 4*j = 60, -5*j = -14*h + 19*h - 65. Let l(u) = -2 + u**2 + 5*u - 8*u + h*u + u. Give l(-6).
-2
Let b(m) = -m**3 - 17*m**2 + 136*m - 49. Let o be b(-23). Let x(v) = 3*v + 15. Give x(o).
6
Let p(l) = -16*l**2 + 3*l**2 + 43*l**3 + 2*l - 4*l**3 - 4*l**3 - 34*l**3 + 2. What is p(13)?
28
Suppose 3*y - 401 = -386. Suppose -y*h - 7 = 8. Let c(r) = -4*r - r**3 - 1 + r - 4*r**2 - 2. What is c(h)?
-3
Let x = 2564 + -2572. Let y(b) = -b**2 - 7*b + 16. Calculate y(x).
8
Suppose 0 = -29*s + 22 - 138. Suppose l - 32 = -3*l. Let c(w) = 1 + 2 - 4*w + 11*w - l*w. What is c(s)?
7
Let y be ((-19)/(-57))/((-3)/(-18)). Suppose 5 = -3*v + y, 5*v + 8 = h. Let s(z) = z**3 - 2*z**2 - 2*z - 2. Calculate s(h).
1
Let j(w) be the first derivative of 55*w**3/3 + w**2/2 + w + 366. Determine j(1).
57
Let i(f) = -7*f. Let w = 1632 - 1634. Give i(w).
14
Let a(y) = -4*y + 180. Let j be a(44). Suppose -4*k + 4*f = -16, -k - 7 = -5*k - 5*f. Suppose -b + k = 0, s + j*b = b + 9. Let t(r) = r + 7. What is t(s)?
7
Let d(k) = 20*k**3 + 2*k + 1. Suppose -5*x + 67 = 3*a, 4*a - 2*x = 28 + 44. Suppose -20*y + a = -39*y. What is d(y)?
-21
Let j(h) = -h**2 + 6*h + 41. Let k = 1479 - 1484. Give j(k).
-14
Let j(t) = 117*t**2 + 4*t + 10. Let k(s) = -410*s**2 - 11*s - 29. Let i(o) = 7*j(o) + 2*k(o). What is i(-3)?
-15
Let i(d) = -3*d - 82. Let k be (414/(-230))/(1/15). Let z be i(k). Let f(a) = -2*a**2 + a. What is f(z)?
-3
Let c(h) = -h**2 + 7*h + 1. Let k be c(6). Let d be 14/k + 1 + 2. Let m(a) = -13*a + 4*a - d*a - 4*a. What is m(1)?
-18
Let o(t) = t**2 - 16*t + 10. Suppose 9 = -4*i + 73. Let a be o(i). Let z be a/(-6)*6/4*-2. Let j(f) = -f**3 + 5*f**2 + 2*f - 2. What is j(z)?
8
Let v(q) = -2*q - 1. Let j(p) = -8*p - 10. Let h(c) = -2*j(c) + 6*v(c). Give h(-5).
-6
Let s(l) be the first derivative of -l**3/3 + 3*l**2/2 + 4. Suppose -83*z + 84*z - 6 = 0. Let p be -1 + (1 - -1) - z/(-2). Determine s(p).
-4
Let s = -24683 - -24682. Let y(z) = z + 1. Let a(f) = -3*f**2 + 3*f - 3 + 2*f**2 - 3*f - 2*f. Let h(c) = -a(c) - 3*y(c). Give h(s).
2
Let n(x) = -7*x**3 - 13*x**2 + 18*x - 11. Let d = -235 + 241. Let b(s) = 6*s**3 + 12*s**2 - 16*s + 11. Let p(y) = d*b(y) + 5*n(y). What is p(-8)?
-5
Let t = 19606 + -19607. Let q(o) = -7*o**2 + 2. What is q(t)?
-5
Let v(s) be the first derivative of -3*s**2/2 - 5*s - 42085. Let r(o) = -o**2 + 2*o - 2. Let y be r(2). What is v(y)?
1
Let l(o) = 10*o + 4479*o**2 - 4480*o**2 + 7 + 3 + 6. Give l(9).
25
Let x(g) = -1106*g**2 + 48*g - 2*g**3 + 541*g**2 + 0*g + 548*g**2 - 23*g - 21. Determine x(-10).
29
Let b(d) = 786733*d**2 - d - 786735*d**2 + d**3 - 3*d. Give b(3).
-3
Let p(q) = 15*q. Suppose -2*z = -3*v - 36, 2*z = 6*v - 8*v + 16. Suppose -29*c + z = -17*c. What is p(c)?
15
Let r be -4*2/(-4) + 3. Let f(w) = 134*w - 5. Let n(b) = 246*b - 11. Let x(u) = 11*f(u) - 6*n(u). Calculate x(r).
1
Let c(s) = -5*s - 5. Let p be 1/(-3)*522*8/(-16). Suppose 0 = 4*t + 119 - p. Determine c(t).
35
Let t be 27/15*(1 + 8/(-48)). Let h(k) be the first derivative of k + t*k**2 + 21. Give h(1).
4
Suppose 4 = -0*p + 2*p. Suppose 2*s - 3 = 1. Let y(w) = w**p + s - 31*w + 1 + 27*w. Give y(3).
0
Let y(h) = 24*h + 9. Let m be y(1). Suppose -n - 30 = -m. Let t(i) = i + 5*i - 2 + i**n + 4 - 1 + 7*i**2. Determine t(-6).
1
Let j(b) = -2*b - 6. Let p = -53 - -59. Let h be p/9 + (-64)/(-12). Let k be 1 + (-38)/h + 66/(-99). Give j(k).
6
Let a(f) be the first derivative of 2*f**3/3 - 21*f**2/2 + 25*f - 5730. Determine a(8).
-15
Let b(q) be the third derivative of -13/6*q**3 + 0*q + 1/24*q**4 + 0 - 10*q**2. Suppose 5*k + w = 42, 3*w + 0*w = -2*k + 9. Calculate b(k).
-4
Let s be (-2)/(-7) - (-72)/(-56). Let z be 60/(1 - -3) - s. Suppose 2*g + u + 4 - z = 0, 4*u = 8. Let v(q) = q - 6. Calculate v(g).
-1
Let c(g) = g**2 - 16*g - 102. Let z be c(21). Let d(o) = 204*o**3 + 2*o**2 - 1 - 102*o**z + 4 + 4*o - 101*o**3. Give d(-1).
0
Let a(j) = 28*j + 249. Let l be a(-9). Let s be l/(-7) + ((-708)/(-14))/(-6). Let d(r) = -r**3 - 8*r**2 - r - 11. Give d(s).
-3
Let r(j) = j**2 + 260*j + 773. Let n be r(-3). Let t(b) be the second derivative of -19*b - 1/6*b**3 + 0 - n*b**2. Calculate t(-4).
0
Let l(r) = -367*r**2 + 168*r - 32. Let v(z) = -35*z**2 + 17*z - 3. Let x(k) = 2*l(k) - 21*v(k). Let s = 22 + -1. Calculate x(s).
-1
Let g(w) = w**2 - 13*w - 7. Let v(m) = 2*m**2 - 25*m - 13. Let l(y) = 11*g(y) - 6*v(y). Let n(r) = -r**3 + 42*r**2 - 85*r + 204. Let b be n(40). Calculate l(b).
13
Let m(k) = 16*k**2 + 1. Let q(r) = -33*r**2 - 2. Let y(b) = -5*m(b) - 2*q(b). Let c(i) = -i**2 + 302*i + 41209. Let o be c(-102). Determine y(o).
-15
Let j(i) = -17 - 1349*i + 668*i + 680*i. What is j(0)?
-17
Suppose -20539*y + 1677 = -20500*y. Let i(r) be the second derivative of 1/6*r**3 - 2*r**2 + 0 + y*r. Calculate i(6).
2
Suppose -3*d = 2*d - 2*o + 18, 5 = -5*o. Let f be 27 - -4 - d/(-2). Let r(j) = -j**2 - f*j**3 - 1 + 2 + 32*j**3. What is r(1)?
3
Let y be 18/(-90) + 18/(-10). Let u(k) be the third derivative of 1/60*k**5 - 6*k**2 - 1/6*k**3 + 0*k**4 + 0*k + 0. What is u(y)?
3
Let v(z) be the first derivative of 7*z**3/3 + z**2 - 3*z - 1. Let f = -80 - -76. Let k(n) = 20*n**2 + 5*n - 9. Let w(j) = f*k(j) + 11*v(j). Calculate w(-2).
-13
Let o(d) be the first derivative of -d**4/2 - 2*d**3 + d**2/2 + 2104. What is o(-3)?
-3
Let g be 1/(-2) - (-3211)/(-26). Let f = g - -118. Let p(v) = v**2 + 4*v - 8. Calculate p(f).
4
Let l(m) = -106 - 103 - 89 + 2*m - 4*m + 279. Let w(f) be the first derivative of -f**2/2 - 7*f + 1. Let s(u) = -3*l(u) + 8*w(u). Give s(1).
-1
Suppose 2 = -2*o + 6, 3*n - 2*o - 2 = 0. Suppose -h - 6 = n*h. Let q(t) = 15 - 41 - 2*t + 28. Calculate q(h).
6
Let q(z) = z**2 + 8*z - 7. Let r(a) = 7*a**3 - 5*a**2 + 7*a - 1. Let g be r(2). Let x = -7 - -12. Suppose x*n - 4 = -g. Calculate q(n).
2
Let j = -19 + 34. Suppose -j = 5*n + 15. Let p(w) = -2*w - 15. Let c(k) = 3*k + 22. Let u(q) = 5*c(q) + 7*p(q). Calculate u(n).
-1
Let a be 0 - (-5)/7 - (-10)/35. Let s(f) = 4 - 4 - 27*f**3 + a + 65*f**2 - 67*f**2. Determine s(-1).
26
Suppose 42*u + 42*u = -28*u + 112. Let t(b) = 77*b. Calculate t(u).
77
Let r(a) = a**3 - 6*a**2 + 7*a - 2. Suppose 1910 = -4*f + 5*p, -2*f + 5*p + 149 - 1099 = 0. Let g = 485 + f. Calculate r(g).
8
Suppose 7 = -14*b + 17*b + 5*t, -5*b - 5*t = -5. Let d(a) = -46*a - 1. Determine d(b).
45
Let o = -1 + -1. Let i be (o + 1)/(2/10). Let x(w) = 2*w**3 + 4*w**2 + 2*w - 6. Let d(p) = 3*p**3 + 3*p**2 + 6*p - 12. Let s(l) = d(l) - 2*x(l). Calculate s(i).
-10
Let k(z) = z - 8. Let j be k(9). Let f = 2 - j. Let l(c) = -c**2 + 8*c - 5. Let r(o) = 1. Let d(a) = f*r(a) + l(a). What is d(6)?
8
Let d be (-23)/21 - (-80)/840. Let r(a) = -4*a**3 - a**2 - 2*a - 1. What is r(d)?
4
Let f(o) = 100*o + 97*o + 72 - 217*o. What is f(4)?
-8
Suppose 177*x - 178*x + 2 = 0. Let k(v) = v**2 - v - 3. Determine k(x).
-1
Let l(z) = 158*z**2 + 61*z - 46. Let h(q) = 10*q**2 + 4*q - 3. Let a(j) = 31*h(j) - 2*l(j). Let u(g) = -g**2 + 2*g. Let x be u(1). What is a(x)?
-5
Let l(c) = c**3 - 63*c**2 + 489*c - 151. Let h be l(54). Let d(u) = u**2 - 8*u - 36. Calculate d(h).
-3
Let g(c) = 17*c + 49. Let a(j) = 2*j - 5. Let v(w) = -5*a(w) + g(w). Determine v(-9).
11
Let h be 0/(2 + -2 + 2). Let c(f) = -483*f**2 + h + 1 + f + 454*f**2. Give c(-1).
-29
Suppose -2*b = 2*d - 0 - 4, 0 = -3*b + 3*d - 12. Let t = b - 3. Let z(v) = 0*v**3 + 5*v**2 - 6 + v**3 - 6*v + 2*v - 2*v**2. Give z(t).
-6
Let t(m) = -4*m - m**2 - 3 + m - m**3 + 2*m. Let d be (-26)/6 - (-56)/24. Let u be t(d). Let z(s) = -2*s + 4. Give z(u).
-2
Let s(f) = f**2 + 10*f - 3. Let n(a) = -3*a - 10 + 16*a + a**2 - 6*a + 4*a. Suppose 22 = 4*r - 6*r. Let d be n(r). Determine s(d).
-3
Let y(f) = f**3 - f**2. Let d(c) = 4*c**3 + 2*c**2 + 2*c - 3. Let z(q) = d(q) - 3*y(q). Let i(w) = 3*w**2 - 42*w + 35. Let g be i(13). Calculate z(g).
5
Let v(f) = f + 17. Let m(l) = -l**3 - 20*l**2 - 18*l - 14. Let z be m(-19).